prime factors of 6/30 + 2163/35?
2, 31
Let r = 14 - 12. Suppose 0*u + 5*u - 22 = -4*p, 5*p = -r*u + 36. Let y = p - -1. List the prime factors of y.
3
Let u(a) = -a**3 - 15*a**2 - 2*a + 7. Let n(c) = -c**2 + 9*c - 5. Let z be n(10). What are the prime factors of u(z)?
37
Let c = -358 + 598. What are the prime factors of c?
2, 3, 5
Let x = 16 + -16. Let h be (x/1)/((-4)/2). Suppose u - 5*u + 100 = h. What are the prime factors of u?
5
Suppose 0 = q + c - 231 - 459, 0 = -3*c - 15. List the prime factors of q.
5, 139
Let j = -744 + 2116. What are the prime factors of j?
2, 7
Suppose 333 + 245 = c. List the prime factors of c.
2, 17
Let y = 4045 - 2343. List the prime factors of y.
2, 23, 37
Suppose -2628 = -3*v + 2*v + 4*w, -5*v - w = -13224. List the prime factors of v.
2, 661
Let g = 894 - 493. Let f = -268 + g. List the prime factors of f.
7, 19
Suppose 0 = -2*t + b + 7500, 5*t + 14*b - 16*b = 18752. What are the prime factors of t?
2, 7, 67
Let j = 30 + -36. List the prime factors of -10*((-9)/j - 11/2).
2, 5
Suppose -y + m + 42 = y, 5*m - 56 = -4*y. Let z = y - 17. Suppose 0 = -0*u + z*u - 52. What are the prime factors of u?
2, 13
Let i be (-1 + 1)/3 - -4. Let d = i - -20. List the prime factors of d.
2, 3
Let l(v) = -v**3 + 14*v**2 - v + 19. Let z(q) = -4*q + 2 - 4*q + 4*q. Let o be z(-3). List the prime factors of l(o).
5
Suppose -u + 1 + 4 = 0. Suppose u*v = 5*b + 6 - 1, -v + 4*b = 14. List the prime factors of -1 + v/(-3) - -31.
2, 7
Let g(n) = -84*n + 3. List the prime factors of g(-4).
3, 113
Let n(a) = -31*a - 5. Let p(h) = 61*h + 11. Let c(k) = -9*n(k) - 4*p(k). What are the prime factors of c(1)?
2, 3
Let a(n) be the second derivative of -n**5/20 + 5*n**4/4 + 3*n**3 - 15*n**2/2 - 8*n. What are the prime factors of a(16)?
17
Let f = -294 + 398. List the prime factors of f.
2, 13
Let v = 81 - 49. Suppose -f = 3*h - v, 2*h + 4*f - 18 = h. List the prime factors of h.
2, 5
Suppose -10 = -5*f, 0*d + d - 3*f - 3 = 0. Let r be d/6*4/6. What are the prime factors of r/((5 - 2)/54)?
2, 3
Suppose 11*t - 14*t = u - 8850, 0 = -3*u - 9. What are the prime factors of t?
13, 227
Let z = -33 - -26. Let b(o) = -10*o. Let j be b(z). Suppose 5*t - j = 35. What are the prime factors of t?
3, 7
Let w = 232 + -28. Suppose w = -6*q + 948. List the prime factors of q.
2, 31
Suppose 4*n + 54*k = 55*k + 2546, -4*k - 2552 = -4*n. List the prime factors of n.
2, 3, 53
Let l(z) = -z**2 - 5*z - 1. Let g be l(-2). Suppose -g*s - 2 = 18. List the prime factors of (-876)/(-24) + (-6)/s.
2, 19
Let x(h) be the first derivative of 4*h**3/3 - h**2 - 4*h - 1. Let q be x(3). Let v = -18 + q. What are the prime factors of v?
2
Let r(p) = -p**3 + 12*p**2 + p - 2. Let i be r(12). Let b(l) = -4 + 0 + 0 - i*l + 2. What are the prime factors of b(-3)?
2, 7
Let i be 2/(-1) - (0 - 7). Suppose 0 = 3*u - 239 + 35. Suppose -u = k - i*k. List the prime factors of k.
17
Suppose 5*i = -z + 22, -4*z - 32 = -2*i - 2*i. Suppose 68 = i*h + 2*o + 8, 2*h + 4*o = 40. What are the prime factors of h?
2, 5
Let m = -128 + 139. Suppose 0 = m*g - 8*g - 651. List the prime factors of g.
7, 31
Let x(c) be the second derivative of 4*c**3/3 + 5*c**2/2 + 8*c. List the prime factors of x(5).
3, 5
Suppose -2*u + 2*l = -3 - 3, -5*u + 51 = 4*l. Suppose -10*v = -u*v - 165. What are the prime factors of v?
5, 11
Suppose 6*x - 12393 = -11*x. What are the prime factors of x?
3
Let w = -13 + 14. Let i be (-4 + 3)*(0 + w). List the prime factors of (i - (-34)/(-6))*-3.
2, 5
Let t(q) = -4*q + 3*q + q**2 - 5*q - 5. Let o be t(7). Suppose -2*n - 3*n = 2*u - 137, -o*u - 8 = 0. What are the prime factors of n?
29
Suppose 0 = -48*f + 42*f + 8352. List the prime factors of f.
2, 3, 29
Suppose 5*z + 50 = -3*a + 8*a, -2*a + 5*z = -32. Let m(k) = -a - 4*k + 12 + 22 + 6*k. What are the prime factors of m(0)?
2, 7
Let w = -11 - 3. Let n = w - -19. Suppose -n*q - 16 = -76. What are the prime factors of q?
2, 3
Let r = -6 - -4. Let h(q) = -132*q - 3. Let x be h(r). What are the prime factors of 2/(-6)*x/(-3)?
29
Suppose -4*g - 3 - 1 = 0. List the prime factors of 111 + (-5 + 2)/((-1)/g).
2, 3
Let j(g) = -9*g**3 - 6*g**2 + g + 13. Let d be j(-4). Suppose 0 = 3*n + 3 + 6, d = 3*m - n. What are the prime factors of m?
2, 3
Let k = 19 + -17. Let b(s) = s**3 - s**2 - s + 1. Let r be b(k). Suppose r*t - 4*t = -4*j + 209, -2*t = 4*j - 206. List the prime factors of j.
2, 13
Suppose 2*h = -4*s, 5*h - 2*h - 8 = 2*s. Suppose -w = -a - 161, 0 = h*w + 5*a - 411 + 54. List the prime factors of w.
2, 83
Suppose -5*i + 5*p = -2*i - 26, 0 = 5*i + 4*p + 6. Suppose -2*q = 3*q - i*r - 338, -334 = -5*q + r. Suppose 14 + q = 2*l. What are the prime factors of l?
2, 5
Let r = -761 + 1476. List the prime factors of r.
5, 11, 13
Suppose 2*x + 4 = x. List the prime factors of 15/(x/(32/(-3))).
2, 5
Let v = 283 + 438. What are the prime factors of v?
7, 103
Suppose -5*n - 4 - 6 = 0. Let m(q) = -3*q**2 + q**2 - 7*q**3 - 2*q + 3*q + 5 + 3*q. List the prime factors of m(n).
3, 5
What are the prime factors of 28 + ((-28)/(-16) - (-1)/4)?
2, 3, 5
Let u(y) = -2*y**3 - 2*y**2 - y + 2. Suppose -w + 0*w + 3 = 0. Suppose 2*k - w*k - 5 = h, -4*k - 11 = h. List the prime factors of u(k).
2, 3
Let x(s) = 2852*s**2 - 4*s - 6. What are the prime factors of x(-1)?
2, 3, 5, 19
Suppose -13*c + 3 = -14*c, -14169 = -4*d - c. What are the prime factors of d?
3, 1181
Let w be (-2)/(-3)*9/(-2). Let i(d) = d**3 + 4*d**2 - 3. Let q be i(w). Let a(u) = 3*u + 3. What are the prime factors of a(q)?
3, 7
Let o = 13 - 9. Suppose 3*n - 13 = c - 1, 0 = 3*c - o*n + 11. Suppose -c*q + 135 = 2*q. List the prime factors of q.
3
What are the prime factors of 1 + 0 + (10 - -514)?
3, 5, 7
Suppose -6*f + 3*f = -27. Suppose f*i + 282 = 11*i. What are the prime factors of i?
3, 47
Suppose 4*n - 3*x = 28, -2*n + 3*n = -x + 14. What are the prime factors of n?
2, 5
Let u(o) = -35*o - 64. What are the prime factors of u(-10)?
2, 11, 13
What are the prime factors of 442 - ((6 - 3) + 1)?
2, 3, 73
Suppose -2*i - 21 = 13. Let t = i + 21. Suppose 2*q + 50 = 4*q + t*h, 0 = 5*h - 10. What are the prime factors of q?
3, 7
Let h(q) = -19*q + 559. List the prime factors of h(-22).
977
Let c be (-3 + 4)*-606 + -2. What are the prime factors of (c/95)/((-1)/5)?
2
Let v(a) = -a**3 - 2*a**2 - a - 2. Let h be v(-2). Suppose 36*x - 32*x - 1224 = h. What are the prime factors of x?
2, 3, 17
Let b(j) be the first derivative of j**5/60 - 11*j**4/24 - 2*j**3/3 - 11*j**2/2 + 1. Let a(h) be the second derivative of b(h). List the prime factors of a(12).
2
Let z be (-14)/(-3 + (-230)/(-75)). Let v = 374 + z. List the prime factors of v.
2, 41
Suppose c + 97980 = 47*c. List the prime factors of c.
2, 3, 5, 71
List the prime factors of ((-639)/(-2))/((-33)/(-44)).
2, 3, 71
Suppose 24 = 2*q - q - 4*h, 2*h = 5*q - 30. Suppose d + 428 = 4*i, -3*i + 428 = i - q*d. Let n = i - 60. List the prime factors of n.
47
Suppose -23*c + 71997 + 10757 = 0. List the prime factors of c.
2, 7, 257
Let n(l) = -l**2 - 14*l - 10. Let x(z) = -z**2 - 15*z - 9. Let m(t) = 7*n(t) - 6*x(t). Let y be m(-11). Let k = -34 - y. List the prime factors of k.
3, 5
Let a = 177 + -119. Suppose -a = -6*y + 4*y. Let v = 49 - y. List the prime factors of v.
2, 5
Suppose 5*y - 15 = 0, 4*f - 30 = f - 5*y. Suppose -29 - 71 = -f*h. Suppose 3*m - 22 = 3*g + 44, h = m - 2*g. List the prime factors of m.
2, 3
Let i(c) = -8*c + 5*c + c**2 + 11 - 6*c. Let t(z) = -z**3 - 10*z**2 - 11*z - 10. Let l be t(-9). List the prime factors of i(l).
3
Suppose k - 4 = -5*b, -k + 2*b = 2*k - 29. Suppose -68 = -k*g + 5*g. What are the prime factors of g?
17
Suppose -4*a - 730 = -k, 2*a + 2300 + 662 = 4*k. List the prime factors of k.
2, 7, 53
Suppose -5*r + 8 + 12 = 0. Suppose 9 = k + r*l - 6, 5*k + l - 151 = 0. List the prime factors of k.
31
Let i(w) = 17*w + 7. Let z be i(5). Suppose 0 = 3*b - 100 - z. List the prime factors of b.
2
Suppose 0 = -x + 60 + 1. Let t = 8 + x. What are the prime factors of t?
3, 23
Let u be (-4)/(-10) - 1596/(-10). Suppose 0*h + u = 8*h. List the prime factors of h.
2, 5
Let r = 110 + 13. Suppose -r = 2*t - 3*t - 5*z, 5*t - 515 = -5*z. What are the prime factors of t?
2, 7
Let k(p) = -p**3 - 12*p**2 + 3. Let n be k(-12). Let h = n - 1. Suppos